divided by 709262.
0
Calculate the remainder when 735671 is divided by 2477.
2
What is the remainder when 6495072 is divided by 786?
354
Calculate the remainder when 7407462 is divided by 2581.
2573
Calculate the remainder when 472551 is divided by 2229.
3
What is the remainder when 325079 is divided by 359?
184
Calculate the remainder when 6600814 is divided by 5.
4
What is the remainder when 1320757 is divided by 660120?
517
What is the remainder when 10204675 is divided by 2040930?
25
What is the remainder when 297605 is divided by 2055?
1685
What is the remainder when 132991878 is divided by 30?
18
Calculate the remainder when 258851527 is divided by 166464.
7
What is the remainder when 97704 is divided by 30486?
6246
What is the remainder when 680720 is divided by 8140?
5100
Calculate the remainder when 739319 is divided by 3975.
3944
What is the remainder when 21272 is divided by 266?
258
What is the remainder when 150664 is divided by 1299?
1279
What is the remainder when 538467 is divided by 948?
3
Calculate the remainder when 5719015 is divided by 1429749.
19
What is the remainder when 807381 is divided by 403646?
89
What is the remainder when 18657524 is divided by 75?
74
What is the remainder when 13560847 is divided by 686?
685
Calculate the remainder when 427048 is divided by 150.
148
What is the remainder when 2580593 is divided by 67910?
13
Calculate the remainder when 8441 is divided by 73.
46
What is the remainder when 112315 is divided by 1302?
343
What is the remainder when 96568941 is divided by 456?
453
Calculate the remainder when 394692 is divided by 447.
438
Calculate the remainder when 3612969 is divided by 115.
14
Calculate the remainder when 1686157 is divided by 16.
13
Calculate the remainder when 180305 is divided by 1541.
8
Calculate the remainder when 443814 is divided by 232.
230
What is the remainder when 43471181 is divided by 1968?
29
Calculate the remainder when 163591 is divided by 14848.
263
What is the remainder when 5575489 is divided by 9466?
15
Calculate the remainder when 5682517 is divided by 858.
841
What is the remainder when 3140577 is divided by 3140574?
3
What is the remainder when 27807 is divided by 4588?
279
Calculate the remainder when 18160755 is divided by 6053584.
3
Calculate the remainder when 9239399 is divided by 696.
695
Calculate the remainder when 38937156 is divided by 19468574.
8
Calculate the remainder when 866979 is divided by 1714.
1409
Calculate the remainder when 18251281 is divided by 6083756.
13
What is the remainder when 1397351 is divided by 285?
281
Calculate the remainder when 322936 is divided by 10415.
71
Calculate the remainder when 19532994 is divided by 552.
474
Calculate the remainder when 92396 is divided by 1081.
511
What is the remainder when 113318 is divided by 1487?
306
What is the remainder when 12418905 is divided by 1085?
1080
What is the remainder when 1150536777 is divided by 1545?
1542
Calculate the remainder when 2011101 is divided by 100.
1
Calculate the remainder when 40759 is divided by 18973.
2813
Calculate the remainder when 420297 is divided by 5584.
1497
What is the remainder when 666436 is divided by 333200?
36
What is the remainder when 123068 is divided by 40897?
377
What is the remainder when 22519 is divided by 2808?
55
What is the remainder when 215233 is divided by 5687?
4814
What is the remainder when 3345925 is divided by 453?
67
Calculate the remainder when 7761938 is divided by 1077.
1076
What is the remainder when 1513794 is divided by 26099?
52
What is the remainder when 8565 is divided by 3196?
2173
What is the remainder when 575803 is divided by 1601?
1044
Calculate the remainder when 6459834 is divided by 230708.
10
Calculate the remainder when 2249609 is divided by 5889.
11
Calculate the remainder when 7393 is divided by 2382.
247
What is the remainder when 1597877 is divided by 8070?
17
Calculate the remainder when 21807381 is divided by 24.
21
Calculate the remainder when 57297 is divided by 9370.
1077
What is the remainder when 1488211 is divided by 24?
19
What is the remainder when 14893475 is divided by 52?
51
What is the remainder when 6653931 is divided by 2060?
131
Calculate the remainder when 977187 is divided by 312.
3
What is the remainder when 9987 is divided by 4919?
149
What is the remainder when 2484004 is divided by 185?
9
Calculate the remainder when 5153454 is divided by 124.
14
What is the remainder when 1954256 is divided by 34285?
11
What is the remainder when 47390413 is divided by 75?
13
Calculate the remainder when 3259866 is divided by 42.
36
Calculate the remainder when 281339 is divided by 86.
33
What is the remainder when 790074383 is divided by 33?
32
What is the remainder when 5377 is divided by 655?
137
Calculate the remainder when 2289074 is divided by 103.
2
What is the remainder when 4436418 is divided by 9?
3
What is the remainder when 783066 is divided by 2502?
2442
What is the remainder when 28357497 is divided by 20069?
0
Calculate the remainder when 15689551 is divided by 101.
9
What is the remainder when 682242 is divided by 513?
465
Calculate the remainder when 21400814 is divided by 126632.
6
Calculate the remainder when 1336243 is divided by 1336194.
49
Calculate the remainder when 546068 is divided by 45501.
56
What is the remainder when 794984 is divided by 49662?
392
What is the remainder when 6238346 is divided by 21966?
2
Calculate the remainder when 34995 is divided by 5735.
585
What is the remainder when 2245164 is divided by 3995?
3969
What is the remainder when 25808894 is divided by 105?
104
Calculate the remainder when 1221838 is divided by 406.
184
Calculate the remainder when 315339 is divided by 2007.
240
Calculate the remainder when 1036600 is divided by 2462.
98
What is the remainder when 39729 is divided by 3602?
107
What is the remainder when 149297 is divided by 42?
29
What is the remainder when 351610412 is divided by 2157?
2156
What is the remainder when 495396 is divided by 80?
36
What is the remainder when 5168639 is divided by 512?
511
What is the remainder when 2639578 is divided by 111?
109
What is the remainder when 139921 is divided by 34894?
345
Calculate the remainder when 154912 is divided by 51541.
289
Calculate the remainder when 4141641 is divided by 922.
17
What is the remainder when 13081553 is divided by 53394?
23
Calculate the remainder when 994501 is divided by 198870.
151
What is the remainder when 6198009 is divided by 3451?
13
What is the remainder when 9652298 is divided by 135?
68
Calculate the remainder when 12022549 is divided by 28.
21
What is the remainder when 1663129 is divided by 22?
17
Calculate the remainder when 85289 is divided by 39676.
5937
What is the remainder when 53575502 is divided by 865?
862
Calculate the remainder when 648909 is divided by 9251.
1339
Calculate the remainder when 1220171 is divided by 32109.
29
Calculate the remainder when 1345698 is divided by 302.
288
What is the remainder when 608594482 is divided by 802?
792
Calculate the remainder when 22745255 is divided by 19.
13
Calculate the remainder when 149902 is divided by 37461.
58
Calculate the remainder when 20064052 is divided by 58.
54
Calculate the remainder when 71392 is divided by 5942.
88
What is the remainder when 35958 is divided by 568?
174
What is the remainder when 258169 is divided by 8605?
19
What is the remainder when 5278289 is divided by 2639116?
57
Calculate the remainder when 782394 is divided by 15.
9
Calculate the remainder when 465563 is divided by 9905.
28
What is the remainder when 2615934 is divided by 16?
14
What is the remainder when 414411 is divided by 605?
591
Calculate the remainder when 217613 is divided by 195.
188
Calculate the remainder when 8140151 is divided by 67.
53
What is the remainder when 128355 is divided by 28?
3
Calculate the remainder when 2590198 is divided by 152362.
44
Calculate the remainder when 20252110 is divided by 6270.
10
What is the remainder when 12258476 is divided by 11?
10
Calculate the remainder when 661666 is divided by 584.
578
Calculate the remainder when 348490 is divided by 87083.
158
What is the remainder when 365466 is divided by 40605?
21
Calculate the remainder when 193370427 is div